ppose -h + 2*h - t = 84, t = 5*h - 428. Let g = h - 84. Suppose -g*s = s - 2067. Is s a prime number?
False
Let h be (2/8)/(7/28) + -1. Let s(f) = -f**3 - f**2 + 3*f + 4347. Let y be s(h). Let v = -2104 + y. Is v a composite number?
False
Suppose 4 = 5*u - 2*c, -3*u = -4*c + 5*c + 2. Suppose 0*k - 6*k + 402 = u. Is k a composite number?
False
Suppose -4*z + 23 = 3. Let l be z + 1197 + 3 + -1. Suppose -868 = -2*b + 2*x, -993 = -5*b - 4*x + l. Is b a prime number?
False
Let n(h) = 606*h**3 + 10*h**2 - 168*h - 11. Is n(10) a prime number?
True
Suppose 12*p + 4159 = 15895. Suppose p = 6*u - 4068. Is u prime?
False
Suppose 55497 = -11*s - 52281. Let l = s + 21765. Is l a composite number?
True
Suppose 2*v + v - 6 = 0. Let t be ((-8 - 3) + 3)*(-1)/2. Suppose -v*k - 222 = -t*k. Is k a composite number?
True
Is (-27737420)/(-540)*3 - 2/(-9) prime?
True
Let y(i) = 8*i**2 + 3*i + 101. Let q be y(-8). Suppose f - q = 178. Is f composite?
True
Let h(q) = q. Let f(k) = -k**2 - 1. Let u(t) = -2*f(t) + 2*h(t). Let b be u(0). Is 127057/63 - b/(-9) a prime number?
True
Let z = 11 + 5. Suppose -4*h = -3*u - 16, -11*u + 8 = 2*h - z*u. Is (1/h)/((-18)/(-90648)) a composite number?
False
Let y be 1/6 + 11/6 + 2. Suppose -3*k + y*k - j = -5, 2*k - 25 = -5*j. Suppose k = 14*f - 18*f + 5036. Is f a composite number?
False
Let x(r) = 122*r - 73. Let p = -43 - -47. Suppose -106 = -5*o - q - 3*q, -4*q = p. Is x(o) a prime number?
False
Let j = -40 - -40. Suppose j = 17*f - 13*f - 32. Suppose f*r - 13*r + 3595 = 0. Is r a prime number?
True
Is 1 + -472*(-103230)/36 a composite number?
True
Let g(d) = -2*d**3 + 6*d**2 - 7*d + 10. Let q be g(3). Let b = q + 78. Is b a composite number?
False
Suppose 8937 = 8*s - 7*s. Suppose 5*z - s = 7883. Let k = 5159 - z. Is k composite?
True
Let m be (-12)/9 - -2 - (-68404)/21. Suppose 3*k + 2*n + m = 5*k, -2*n = k - 1641. Is k a prime number?
False
Let a(f) = -f**3 - 10*f**2 - 3*f + 1. Let x be a(-6). Suppose -14399 = -25*q + 2251. Let l = x + q. Is l a composite number?
False
Let t = 37039 - -5758. Is t composite?
False
Let r(a) = -182*a + 1. Let g(s) = s**3 + 8 + 9*s - 2*s**2 - 7*s**2 - 2*s**2. Let z be g(10). Is r(z) prime?
False
Let n = 2 - -3. Suppose -4*y = 2*x - 5*x - 29, 5*x = -3*y. Is 1 + n/(y/316) a prime number?
True
Let l(f) = f**3 + 112*f**2 + 164*f - 207. Is l(76) composite?
True
Let f(k) = 2*k**3 + 20*k**2 + 4*k + 44. Let w be f(-10). Suppose -32*x + w*r - 85337 = -37*x, 3*x - r - 51192 = 0. Is x a prime number?
False
Let w be 2/((-10)/269) + (-13)/65. Is (187686/w)/(3/(-9)) composite?
False
Is -9 + 12 + (44376/10 - (-4)/10) prime?
True
Let k be ((-72)/(-120))/(2/(-10)). Suppose g = 115 + 192. Is g + 3 + (k - 2) a composite number?
True
Suppose -33*s - 8338024 = -12020550 - 9402271. Is s a prime number?
True
Let g be ((-190)/(-3))/(114/(-7695)). Let v = 2456 - g. Is v a composite number?
True
Suppose 103013485 - 78361486 = 262*y - 213901883. Is y a composite number?
True
Suppose -2*n - 8 = 0, 4*n + 16 = -5*z + z. Suppose z*t = -t + 110. Suppose 0 = 6*p - p - t. Is p composite?
True
Suppose 5*v = -1256 - 1609. Let x = -92 - v. Is x prime?
False
Let w be (-4476)/8*(-176)/33. Suppose -3786 = -2*z + w. Is z a composite number?
True
Suppose 3*d + 8 = 44. Suppose d*h + 2*h = 100898. Is h a composite number?
False
Suppose -12 = 10*p + 2*p. Let y be 7584 - (p - 0 - (-4 + 0)). Suppose -3*r + 3028 = 2*d - 6*r, 0 = -5*d + 2*r + y. Is d a prime number?
False
Suppose 0 = 5*d + 5*j - 11450, -2*d + 5*j - 2*j = -4555. Is d composite?
True
Let f be (-24)/84 - 16/(-7). Suppose 3*n + f*u - 82 = 0, -2*n = -0*n + 5*u - 73. Is (609 + 1)*12/n a prime number?
False
Let f = 2565 - 6714. Let m = -2440 - f. Is m a composite number?
False
Let o(c) = 10*c**3 + 887*c**2 - 57*c + 217. Is o(-88) composite?
False
Let n(l) = -1027*l + 27. Let h(p) = -4*p + 114. Let c be h(29). Is n(c) a composite number?
False
Let g(r) = -r**2 + r - 1. Let p(z) = -z**2 - 26*z + 32. Let l be p(-27). Let d(f) = -7*f**2 + 6*f + 4. Let c(w) = l*g(w) - d(w). Is c(-10) a composite number?
True
Suppose -2*i - 10199 = -s + 25618, i + 107451 = 3*s. Is s composite?
True
Suppose 4*c + 809 - 757 = 0. Is 8 + c + (-99568)/(-4) a composite number?
True
Let p = 29 + -27. Suppose -2*c = p*c + 16. Is 119*(c + (5 - 0)) a prime number?
False
Suppose -13*u = 2*h - 11*u - 49382, 7*u - 98779 = -4*h. Is h composite?
True
Let n = 195394 - 128777. Is n a prime number?
True
Suppose -11*q + 15*q = 18928. Suppose -2381 = -3*s + q. Is s composite?
False
Suppose 3*k + 2*n - 1432 = 2500, 4*n = 4*k - 5276. Suppose -q + 4*q = k. Suppose -3*o - 25 = 2*o, w + o - q = 0. Is w prime?
True
Let v = -193 - 28623. Let i = v - -65901. Is i a composite number?
True
Suppose 1425 + 4199 = 19*y. Suppose -9*d = -5*d - 1380. Let x = d + y. Is x prime?
True
Let z(t) = -83668*t**3 + 5*t**2 - 180*t - 542. Is z(-3) composite?
True
Let g(f) = f. Let w(a) = 1 - 22*a - 3*a - 2 + 10. Let x(d) = -3*g(d) - w(d). Is x(10) a composite number?
False
Suppose -3*w = -6*w + 36058 + 194735. Is w prime?
False
Suppose 0 = -4*w + 18 + 2, w = 2*h - 9. Let z = 4063 - 2623. Suppose 5549 = h*k + z. Is k a prime number?
True
Let s be (-1707)/((-25)/5 + 4). Suppose -3*f + s = -2*t, 3*t - f + 0*f + 2571 = 0. Let n = t - -1607. Is n a prime number?
False
Let u(b) = -b**3 + 4*b**2 + 10*b - 2. Let n be u(-2). Is 816750/175 + n/(-14) composite?
True
Let z = 96 - 102. Is 105/z*15882/(-15) a composite number?
True
Let z be -13*1/(-1*(0 - -1)). Suppose z*f - 3*n + 79026 = 16*f, -4*f = -4*n - 105344. Is f prime?
True
Let j = 11008 + -7467. Is j composite?
False
Let n = -14984 + 23718. Suppose -o + 3*y + 2383 = 0, y + 1625 = -3*o + n. Is o a composite number?
False
Suppose -2*g + 54 = 5*u, -3*u = -g + 4*g - 72. Suppose 2*h - g - 20 = 0. Suppose 0 = h*n - 17*n - 1148. Is n a composite number?
True
Suppose -4*c + 5*l = 410, 5*l + 519 = -5*c + 8*l. Let n = c + 1952. Is n composite?
False
Suppose -3*n = -12, -3*n = 12*s - 10*s - 128. Suppose 0 = 5*m - t - 123030, 4*m - 98433 = 57*t - s*t. Is m composite?
True
Suppose -268420 = 158*x - 261*x + 192093. Is x composite?
True
Let o be (-1)/(-4) + (-20)/80. Let q(r) = -r**3 - r**2 + 1689. Let t be q(o). Let u = 3362 - t. Is u a composite number?
True
Let j(g) = -45*g + 14. Let w(y) be the third derivative of -y**4/12 + 8*y**3/3 - 6*y**2. Let r be w(10). Is j(r) composite?
True
Suppose 0*a + 4*d - 62918 = -2*a, 4*a - 5*d = 125823. Is a composite?
True
Let r(f) = 6 + 111*f**3 + 0 - 2 - f**2 + 5*f. Let g be (-4 + 0)/(564/(-423)). Is r(g) a prime number?
False
Suppose r - 6*b + 3*b - 15 = 0, -2*r + 5*b = -27. Let p(y) = -410*y**2 - r*y + 493*y**2 + 21 - 3. Is p(5) composite?
False
Let i(m) = -m**2 + 14*m + 20. Let h be i(12). Let c = 1551 + -1003. Suppose 2*j + 1261 = 5*t, -j + h = -2*t + c. Is t composite?
True
Let s(m) = 49*m + 103. Let u be s(-2). Let j(k) = k**3 - 7*k**2 - k + 7. Let o be j(7). Suppose o = 2*b - 4*b + u*q + 1594, 3*q + 1586 = 2*b. Is b prime?
True
Let u be -2 + 2 + 5 + (-3 - 0). Suppose -2*c + 4*y = -436, u*c - 5*y = -4*y + 424. Suppose 0*s + 6*s = c. Is s a prime number?
False
Let a = -355566 + 731183. Is a a prime number?
False
Suppose 0 = -4*z + 165 + 267. Suppose 0 = 4*n - 11 + 3, 2*d = -n + z. Let w = 142 - d. Is w composite?
False
Suppose 0 = 42*f - 4279964 - 1300534. Suppose 8*y = -3*y + f. Is y a prime number?
False
Let y = -32 + 38. Suppose -y*p - 10 = -p. Is p/(((-4)/6)/(2804/12)) a composite number?
False
Let j = 352 + -370. Is ((0 + -3)/j)/((-17)/(-564162)) prime?
True
Is (-4)/(-1)*-1076*(8 + (-3501)/48) a prime number?
False
Suppose 252*b - 3*w = 255*b - 319482, 35 = 5*w. Is b a prime number?
True
Let t be 12*(-10)/((-240)/44). Let r(y) = 3*y**2 - y + 113. Is r(t) composite?
False
Let k(b) = 147*b + 8. Let f be (6/(-15))/(((-3)/90)/1). Suppose f*j = 14*j - 10. Is k(j) a prime number?
True
Let w(p) = p**2 - 4*p - 3. Let x be w(5). Let y be (4 - 0) + (-2 - -1). Suppose -3*i + 2*j + 2921 = 0, y*i = x*i + 2*j + 967. Is i prime?
True
Let l(s) be the second derivative of 1165*s**4/12 + 5*s**3/3 - 19*s**2/2 - 96*s. Is l(2) prime?
False
Let t(s) = 1269*s**3 + 7*s**2 - s + 48. Is t(5) composite?
False
Let s(k) = -3 + 3*k - 6*k - 21 - 1 + 33*k**2. Let a(m) = -m**2 + m. Let j(r) = 2*a(r) +